{"id":18925,"date":"2025-08-21T21:26:42","date_gmt":"2025-08-21T21:26:42","guid":{"rendered":"https:\/\/mykamiss.com\/produit\/chemise-a-manches-longues-en-velours-cotele-leger-pour-homme-style-retro-confortable-et-decontracte-style-veste-mks2333\/"},"modified":"2025-08-21T21:46:41","modified_gmt":"2025-08-21T21:46:41","slug":"chemise-a-manches-longues-en-velours-cotele-leger-pour-homme-style-retro-confortable-et-decontracte-style-veste-mks2333","status":"publish","type":"product","link":"https:\/\/mykamiss.com\/?product=chemise-a-manches-longues-en-velours-cotele-leger-pour-homme-style-retro-confortable-et-decontracte-style-veste-mks2333","title":{"rendered":"Chemise \u00e0 manches longues en velours c\u00f4tel\u00e9 leger pour homme, style r\u00e9tro, confortable et d\u00e9contract\u00e9, style veste, MKS2333"},"content":{"rendered":"<p><img decoding=\"async\" class=\"descV8-singleImage-image lazyload\" style=\"width: 750px;\" src=\"https:\/\/img.alicdn.com\/imgextra\/i2\/3167522170\/O1CN01mwtBCj1RtuOAwO28j_!!3167522170.jpg\" data-src=\"https:\/\/img.alicdn.com\/imgextra\/i2\/3167522170\/O1CN01mwtBCj1RtuOAwO28j_!!3167522170.jpg\" data-name=\"singleImage\" \/><\/p>\n<div class=\"descV8-singleImage\">\n<p><img decoding=\"async\" class=\"descV8-singleImage-image lazyload\" style=\"width: 750px;\" src=\"https:\/\/img.alicdn.com\/imgextra\/i4\/3167522170\/O1CN01SWUOVc1RtuODDDoNU_!!3167522170.jpg\" data-src=\"https:\/\/img.alicdn.com\/imgextra\/i4\/3167522170\/O1CN01SWUOVc1RtuODDDoNU_!!3167522170.jpg\" data-name=\"singleImage\" \/><\/p>\n<\/div>\n<div class=\"descV8-singleImage\">\n<p><img decoding=\"async\" class=\"descV8-singleImage-image lazyload\" style=\"width: 750px;\" src=\"https:\/\/img.alicdn.com\/imgextra\/i3\/3167522170\/O1CN01loWUhg1RtuOCjLVE4_!!3167522170.jpg\" data-src=\"https:\/\/img.alicdn.com\/imgextra\/i3\/3167522170\/O1CN01loWUhg1RtuOCjLVE4_!!3167522170.jpg\" data-name=\"singleImage\" \/><\/p>\n<\/div>\n<div class=\"descV8-singleImage\">\n<p><img decoding=\"async\" class=\"descV8-singleImage-image lazyload\" style=\"width: 750px;\" src=\"https:\/\/img.alicdn.com\/imgextra\/i2\/3167522170\/O1CN016moxHW1RtuO8f7fAg_!!3167522170.jpg\" data-src=\"https:\/\/img.alicdn.com\/imgextra\/i2\/3167522170\/O1CN016moxHW1RtuO8f7fAg_!!3167522170.jpg\" data-name=\"singleImage\" \/><\/p>\n<\/div>\n<div class=\"descV8-singleImage\">\n<p><img decoding=\"async\" class=\"descV8-singleImage-image lazyload\" style=\"width: 750px;\" src=\"https:\/\/img.alicdn.com\/imgextra\/i1\/3167522170\/O1CN01P1nmG31RtuO8f5BN5_!!3167522170.jpg\" data-src=\"https:\/\/img.alicdn.com\/imgextra\/i1\/3167522170\/O1CN01P1nmG31RtuO8f5BN5_!!3167522170.jpg\" data-name=\"singleImage\" \/><\/p>\n<\/div>\n<div class=\"descV8-singleImage\"><\/div>\n<div class=\"descV8-singleImage\">\n<p><img decoding=\"async\" class=\"descV8-singleImage-image lazyload\" style=\"width: 750px;\" src=\"https:\/\/img.alicdn.com\/imgextra\/i2\/3167522170\/O1CN01AXi78M1RtuOB04Pjq_!!3167522170.jpg\" data-src=\"https:\/\/img.alicdn.com\/imgextra\/i2\/3167522170\/O1CN01AXi78M1RtuOB04Pjq_!!3167522170.jpg\" data-name=\"singleImage\" \/><\/p>\n<\/div>\n<div class=\"descV8-singleImage\">\n<p><img decoding=\"async\" class=\"descV8-singleImage-image lazyload\" style=\"width: 750px;\" src=\"https:\/\/img.alicdn.com\/imgextra\/i2\/3167522170\/O1CN01gMx8pL1RtuODRioPm_!!3167522170.jpg\" data-src=\"https:\/\/img.alicdn.com\/imgextra\/i2\/3167522170\/O1CN01gMx8pL1RtuODRioPm_!!3167522170.jpg\" data-name=\"singleImage\" \/><\/p>\n<\/div>\n<div class=\"descV8-singleImage\">\n<p><img decoding=\"async\" class=\"descV8-singleImage-image lazyload\" style=\"width: 750px;\" src=\"https:\/\/img.alicdn.com\/imgextra\/i1\/3167522170\/O1CN01XHX0c71RtuOEJZLGg_!!3167522170.jpg\" data-src=\"https:\/\/img.alicdn.com\/imgextra\/i1\/3167522170\/O1CN01XHX0c71RtuOEJZLGg_!!3167522170.jpg\" data-name=\"singleImage\" \/><\/p>\n<\/div>\n<div class=\"descV8-singleImage\"><\/div>\n<div class=\"descV8-singleImage\"><\/div>\n","protected":false},"excerpt":{"rendered":"","protected":false},"featured_media":18962,"comment_status":"open","ping_status":"closed","template":"","meta":{"_acf_changed":false},"product_brand":[],"product_cat":[45,18],"product_tag":[],"class_list":{"0":"post-18925","1":"product","2":"type-product","3":"status-publish","4":"has-post-thumbnail","6":"product_cat-chemises-hommes","7":"product_cat-mks-homme","9":"first","10":"instock","11":"shipping-taxable","12":"purchasable","13":"product-type-variable"},"acf":[],"jetpack_sharing_enabled":true,"_links":{"self":[{"href":"https:\/\/mykamiss.com\/index.php?rest_route=\/wp\/v2\/product\/18925","targetHints":{"allow":["GET"]}}],"collection":[{"href":"https:\/\/mykamiss.com\/index.php?rest_route=\/wp\/v2\/product"}],"about":[{"href":"https:\/\/mykamiss.com\/index.php?rest_route=\/wp\/v2\/types\/product"}],"replies":[{"embeddable":true,"href":"https:\/\/mykamiss.com\/index.php?rest_route=%2Fwp%2Fv2%2Fcomments&post=18925"}],"wp:featuredmedia":[{"embeddable":true,"href":"https:\/\/mykamiss.com\/index.php?rest_route=\/wp\/v2\/media\/18962"}],"wp:attachment":[{"href":"https:\/\/mykamiss.com\/index.php?rest_route=%2Fwp%2Fv2%2Fmedia&parent=18925"}],"wp:term":[{"taxonomy":"product_brand","embeddable":true,"href":"https:\/\/mykamiss.com\/index.php?rest_route=%2Fwp%2Fv2%2Fproduct_brand&post=18925"},{"taxonomy":"product_cat","embeddable":true,"href":"https:\/\/mykamiss.com\/index.php?rest_route=%2Fwp%2Fv2%2Fproduct_cat&post=18925"},{"taxonomy":"product_tag","embeddable":true,"href":"https:\/\/mykamiss.com\/index.php?rest_route=%2Fwp%2Fv2%2Fproduct_tag&post=18925"}],"curies":[{"name":"wp","href":"https:\/\/api.w.org\/{rel}","templated":true}]}}