{"id":5380,"date":"2023-11-27T18:02:46","date_gmt":"2023-11-27T18:02:46","guid":{"rendered":"https:\/\/mykamiss.com\/produit\/veste-ample-a-la-mode-et-polyvalente-de-design-style-pour-hommes-veste-imprimee-a-manches-longues-veste-en-denim-en-coton\/"},"modified":"2023-12-10T21:37:59","modified_gmt":"2023-12-10T21:37:59","slug":"veste-ample-a-la-mode-et-polyvalente-de-design-style-pour-hommes-veste-imprimee-a-manches-longues-veste-en-denim-en-coton","status":"publish","type":"product","link":"https:\/\/mykamiss.com\/?product=veste-ample-a-la-mode-et-polyvalente-de-design-style-pour-hommes-veste-imprimee-a-manches-longues-veste-en-denim-en-coton","title":{"rendered":"Veste ample, \u00e0 la mode et polyvalente de design styl\u00e9 pour hommes, veste imprim\u00e9e \u00e0 manches longues, veste en denim en coton"},"content":{"rendered":"<p><!-- attributes div start --><\/p>\n<div style=\"width: 750.0px;height: 6300.0px;overflow: hidden\">\n<div style=\"width: 750.0px;height: 6300.0px;overflow: hidden\"><img data-recalc-dims=\"1\" decoding=\"async\" style=\"width: 100.0%\" src=\"https:\/\/i0.wp.com\/mykamiss.com\/wp-content\/uploads\/2023\/11\/O1CN01Selz841iuE4bx5PwB_2211165574472.webp?w=720&#038;ssl=1\" \/><img data-recalc-dims=\"1\" decoding=\"async\" style=\"width: 100.0%\" src=\"https:\/\/i0.wp.com\/mykamiss.com\/wp-content\/uploads\/2023\/11\/O1CN01t3rnZz1iuE4fkx6YJ_2211165574472.webp?w=720&#038;ssl=1\" \/><img data-recalc-dims=\"1\" decoding=\"async\" style=\"width: 100.0%\" src=\"https:\/\/i0.wp.com\/mykamiss.com\/wp-content\/uploads\/2023\/11\/O1CN01VcUSaT1iuE4kK0rwd_2211165574472.webp?w=720&#038;ssl=1\" \/><\/div>\n<\/div>\n","protected":false},"excerpt":{"rendered":"","protected":false},"featured_media":5381,"comment_status":"open","ping_status":"closed","template":"","meta":{"_acf_changed":false},"product_brand":[],"product_cat":[18,57],"product_tag":[],"class_list":{"0":"post-5380","1":"product","2":"type-product","3":"status-publish","4":"has-post-thumbnail","6":"product_cat-mks-homme","7":"product_cat-vestes-homme","9":"first","10":"instock","11":"shipping-taxable","12":"purchasable","13":"product-type-variable"},"acf":[],"jetpack_sharing_enabled":true,"_links":{"self":[{"href":"https:\/\/mykamiss.com\/index.php?rest_route=\/wp\/v2\/product\/5380","targetHints":{"allow":["GET"]}}],"collection":[{"href":"https:\/\/mykamiss.com\/index.php?rest_route=\/wp\/v2\/product"}],"about":[{"href":"https:\/\/mykamiss.com\/index.php?rest_route=\/wp\/v2\/types\/product"}],"replies":[{"embeddable":true,"href":"https:\/\/mykamiss.com\/index.php?rest_route=%2Fwp%2Fv2%2Fcomments&post=5380"}],"wp:featuredmedia":[{"embeddable":true,"href":"https:\/\/mykamiss.com\/index.php?rest_route=\/wp\/v2\/media\/5381"}],"wp:attachment":[{"href":"https:\/\/mykamiss.com\/index.php?rest_route=%2Fwp%2Fv2%2Fmedia&parent=5380"}],"wp:term":[{"taxonomy":"product_brand","embeddable":true,"href":"https:\/\/mykamiss.com\/index.php?rest_route=%2Fwp%2Fv2%2Fproduct_brand&post=5380"},{"taxonomy":"product_cat","embeddable":true,"href":"https:\/\/mykamiss.com\/index.php?rest_route=%2Fwp%2Fv2%2Fproduct_cat&post=5380"},{"taxonomy":"product_tag","embeddable":true,"href":"https:\/\/mykamiss.com\/index.php?rest_route=%2Fwp%2Fv2%2Fproduct_tag&post=5380"}],"curies":[{"name":"wp","href":"https:\/\/api.w.org\/{rel}","templated":true}]}}

Veste ample, à la mode et polyvalente de design stylé pour hommes, veste imprimée à manches longues, veste en denim en coton
